Is 45 a factor of 135?
True
Is 1349 a multiple of 76?
False
Is 61 a factor of 7705?
False
Is 2516 a multiple of 4?
True
Does 71 divide 89815?
True
Does 13 divide 1568?
False
Is 17 a factor of 1951?
False
Is 25200 a multiple of 21?
True
Does 11 divide 13575?
False
Is 5253 a multiple of 17?
True
Is 6344 a multiple of 10?
False
Is 11 a factor of 253?
True
Is 281 a factor of 57253?
False
Is 14 a factor of 39582?
False
Is 9 a multiple of 9?
True
Is 25420 a multiple of 124?
True
Does 10 divide 21131?
False
Does 30 divide 24060?
True
Does 5 divide 7472?
False
Does 204 divide 21595?
False
Does 69 divide 1318?
False
Does 58 divide 754?
True
Is 355 a multiple of 61?
False
Is 7404 a multiple of 12?
True
Is 2640 a multiple of 176?
True
Is 33 a factor of 1147?
False
Is 6853 a multiple of 11?
True
Does 101 divide 4343?
True
Is 151 a factor of 17818?
True
Is 3680 a multiple of 10?
True
Is 20 a factor of 2954?
False
Is 225 a multiple of 116?
False
Is 41 a factor of 70304?
False
Is 46672 a multiple of 8?
True
Is 16 a factor of 176?
True
Is 20140 a multiple of 20?
True
Is 868 a multiple of 74?
False
Is 8673 a multiple of 49?
True
Does 40 divide 1114?
False
Is 4333 a multiple of 23?
False
Is 12 a factor of 739?
False
Does 15 divide 31578?
False
Does 11 divide 1339?
False
Is 2680 a multiple of 20?
True
Does 24 divide 63000?
True
Does 82 divide 4100?
True
Does 5 divide 17190?
True
Is 320 a multiple of 4?
True
Does 24 divide 1528?
False
Is 17241 a multiple of 21?
True
Does 208 divide 42432?
True
Does 10 divide 2180?
True
Does 9 divide 5805?
True
Does 34 divide 689?
False
Does 17 divide 3349?
True
Is 11 a factor of 16401?
True
Is 17 a factor of 11560?
True
Is 19260 a multiple of 321?
True
Is 580 a multiple of 29?
True
Is 863 a multiple of 3?
False
Does 39 divide 1521?
True
Is 29 a factor of 464?
True
Is 123 a factor of 615?
True
Does 13 divide 12522?
False
Does 11 divide 10670?
True
Is 9 a factor of 2232?
True
Is 63 a factor of 315?
True
Is 46 a factor of 6118?
True
Does 138 divide 51474?
True
Is 58 a multiple of 4?
False
Is 12 a factor of 102276?
True
Does 5 divide 6995?
True
Is 37 a factor of 13645?
False
Does 2 divide 208?
True
Is 66932 a multiple of 116?
True
Is 505 a multiple of 5?
True
Does 10 divide 8030?
True
Is 10 a factor of 549?
False
Is 2584 a multiple of 19?
True
Is 14 a factor of 146?
False
Does 12 divide 686?
False
Is 2 a factor of 156?
True
Is 9 a factor of 11601?
True
Does 14 divide 9622?
False
Is 4300 a multiple of 35?
False
Does 21 divide 441?
True
Is 5 a factor of 540?
True
Does 15 divide 24030?
True
Is 12 a factor of 31767?
False
Is 162 a multiple of 18?
True
Is 10 a multiple of 2?
True
Does 5 divide 23435?
True
Is 21 a factor of 2857?
False
Does 88 divide 10384?
True
Does 24 divide 11784?
True
Does 38 divide 12829?
False
Is 42 a factor of 6072?
False
Is 5 a factor of 362?
False
Is 54 a factor of 7944?
False
Does 74 divide 4218?
True
Is 2783 a multiple of 98?
False
Is 6993 a multiple of 189?
True
Is 65 a factor of 845?
True
Does 25 divide 4225?
True
Is 35 a factor of 1715?
True
Is 102 a factor of 3954?
False
Is 8474 a multiple of 46?
False
Is 8 a factor of 304?
True
Is 9 a factor of 5031?
True
Is 55 a multiple of 5?
True
Does 42 divide 84911?
False
Does 4 divide 38?
False
Does 63 divide 24948?
True
Is 3 a factor of 423?
True
Is 3382 a multiple of 9?
False
Is 7 a factor of 7532?
True
Does 15 divide 9441?
False
Is 66 a factor of 23298?
True
Is 24 a factor of 336?
True
Is 23 a factor of 483?
True
Is 4177 a multiple of 18?
False
Does 38 divide 4522?
True
Does 56 divide 4100?
False
Does 7 divide 1971?
False
Is 7 a factor of 2912?
True
Is 70 a factor of 1997?
False
Does 2 divide 4284?
True
Does 27 divide 1978?
False
Is 429 a multiple of 39?
True
Is 53 a factor of 1272?
True
Is 12264 a multiple of 28?
True
Is 10218 a multiple of 8?
False
Is 29 even?
False
Is 2960 a multiple of 74?
True
Is 5304 a multiple of 14?
False
Is 13 a factor of 1339?
True
Is 48 a multiple of 24?
True
Is 70 a multiple of 7?
True
Is 214 a multiple of 8?
False
Is 107668 a multiple of 23?
False
Does 67 divide 7169?
True
Does 16 divide 4176?
True
Is 234 a multiple of 3?
True
Is 5852 a multiple of 133?
True
Is 654 a multiple of 22?
False
Does 135 divide 1556?
False
Does 46 divide 3772?
True
Does 47 divide 66364?
True
Is 320 even?
True
Does 102 divide 1122?
True
Does 138 divide 9936?
True
Is 7 a factor of 17?
False
Is 1280 a multiple of 16?
True
Does 47 divide 602?
False
Does 6 divide 1200?
True
Is 14400 a multiple of 32?
True
Is 442 a multiple of 13?
True
Is 8 a factor of 61?
False
Is 21 a factor of 365?
False
Does 34 divide 298?
False
Is 656 a multiple of 8?
True
Does 56 divide 419?
False
Is 2214 a multiple of 18?
True
Is 25 a factor of 9136?
False
Does 233 divide 32862?
False
Is 35 a factor of 1050?
True
Is 19903 a multiple of 53?
False
Is 12956 a multiple of 158?
True
Does 64 divide 15135?
False
Is 7728 a multiple of 14?
True
Does 23 divide 184?
True
Is 12 a factor of 390?
False
Does 43 divide 17888?
True
Is 9123 a multiple of 149?
False
Is 345 a multiple of 15?
True
Is 13 a factor of 31499?
True
Does 15 divide 9750?
True
Does 44 divide 2596?
True
Is 3725 a multiple of 26?
False
Does 201 divide 3375?
False
Is 4 a factor of 8468?
True
Is 4072 a multiple of 8?
True
Is 16000 a multiple of 25?
True
Is 32 a factor of 4000?
True
Is 2893 a multiple of 5?
False
Is 63 a multiple of 3?
True
Is 56 a factor of 1512?
True
Is 35 a factor of 385?
True
Is 108 a factor of 1080?
True
Is 3963 a multiple of 3?
True
Is 1408 a multiple of 20?
False
Is 1602 a multiple of 8?
False
Does 8 divide 36120?
True
Is 2419 a multiple of 59?
True
Is 513 a multiple of 27?
True
Is 14912 a multiple of 12?
False
Is 38 a factor of 722?
True
Is 4368 a multiple of 182?
True
Is 56 a factor of 672?
True
Is 218 even?
True
Is 137 a factor of 8604?
False
Is 12264 a multiple of 28?
True
Is 8 a factor of 14088?
True
Is 3973 a multiple of 29?
True
Is 50 a multiple of 42?
False
Does 8 divide 32?
True
Does 192 divide 2141?
False
Is 110 a factor of 2310?
True
Does 10 divide 271?
False
Is 12 a factor of 38136?
True
Is 31 a factor of 3286?
True
Is 628 a multiple of 34?
False
Does 11 divide 51821?
True
Is 39 a factor of 1092?
True
Is 28 a factor of 840?
True
Does 39 divide 40833?
True
Is 4134 a multiple of 5?
False
Does 12 divide 553?
False
Is 4218 a multiple of 19?
True
Is 26 a factor of 382?
False
Is 20 a factor of 180?
True
Does 44 divide 7121?
False
Is 931 a multiple of 39?
False
Is 16 a factor of 1391?
False
Does 84 divide 1932?
True
Does 56 divide 21392?
True
Is 16 a factor of 35200?
True
Does 127 divide 3378?
False
Does 9 divide 2277?
True
Does 88 divide 1010?
False
Does 3 divide 773?
False
Is 38 a factor of 2366?
False
Is 31 a factor of 1798?
True
Is 2421 a multiple of 78?
False
Does 29 divide 9959?
False
Is 1496 a multiple of 34?
True
Is 251 a multiple of 10?
False
Is 150 a factor of 2959?
False
Is 8 a factor of 531?
False
Is 8 a factor of 3087?
False
Does 22 divide 1297?
False
Does 132 divide 28310?
False
Is 1015 a multiple of 5?
True
Is 3476 a multiple of 44?
True
Is 16 a factor of 35047?
False
Does 4 divide 24?
True
Is 277 a factor of 14404?
True
Does 91 divide 11590?
False
Is 390 a multiple of 7?
False
Is 5948 a multiple of 2?
True
Is 342 a multiple of 38?
True
Is 95 a factor of 7125?
True
Is 11 a factor of 3498?
True
Is 1613 a multiple of 13?
False
Is 770 a multiple of 77?
True
Is 1146 a multiple of 6?
True
Is 36 a factor of 252?
True
Is 5874 a multiple of 56?
False
Is 23009 a multiple of 7?
True
Is 412 a factor of 8652?
True
Is 396 a multiple of 22?
True
Is 564 a multiple of 18?
False
Does 21 divide 5620?
False
Does 13 divide 2080?
True
Is 38 a factor of 5229?
False
Is 9352 a multiple of 28?
True
Is 36 a factor of 1440?
True
Is 71 a factor of 426?
True
Is 101 a factor of 21109?
True
Is 379 a multiple of 21?
False
Is 330 a multiple of 15?
True
Does 3 divide 606?
True
Is 11907 a multiple of 29?
False
Is 28819 a multiple of 23?
True
Is 4007 a multiple of 10?
False
Does 60 divide 33300?
True
Is 7560 a multiple of 30?
True
Does 20 divide 19295?
False
Does 17 divide 4352?
True
Is 9 a factor of 2199?
False
Is 13 a factor of 411?
False
Does 270 divide 50378?
False
Does 11 divide 341?
True
Does 11 divide 539?
True
Is 51 a fa